0*k + 3*n = -2*k + x, 0 = 2*k - 2*n - 4. Calculate the highest common factor of k and 114.
6
Let f be 2*54/(-90)*-315. What is the greatest common factor of 18522 and f?
378
Suppose u - 3*u - 11 = -w, 20 = w - 5*u. Let r = -2261 + 2414. Suppose w*a - 57 - r = 0. What is the highest common factor of 14 and a?
14
Let u(m) = -m**3 - 3*m**2 - 2*m + 16. Let o be u(-5). Suppose 7*l - o = 134. Let g = 51 + -45. What is the greatest common divisor of l and g?
6
Suppose 134*u = 121*u + 16497. Calculate the highest common divisor of u and 18.
9
Suppose 4*y - 2299 = -0*j + j, -3*y = 3*j - 1743. Suppose 0 = 3*n + 2*q - 226, 3*n - 236 = 3*q - 7*q. What is the greatest common divisor of y and n?
72
Suppose -5*h + 0*h = -40. Suppose -i = 3*i - h. Let k = 256987 + -256973. What is the highest common factor of k and i?
2
Suppose -2*n + 0*q + 765 = -q, -5*n + 3*q + 1910 = 0. Let p be -4 + (44/(-8) - -4)*-54. What is the highest common divisor of n and p?
77
Suppose 465 = 2*v + 3*b, 65*v - 61*v - b - 923 = 0. Let y(t) = 3*t**3 + 9*t - 20. Let d be y(2). What is the greatest common factor of v and d?
11
Let k = -99104 + 99163. Let g be (3/6 - 0)*118. What is the greatest common divisor of k and g?
59
Suppose -5*d + 76 = 3*w, -282 = -12*w - w + 2*d. Calculate the greatest common divisor of 5533 and w.
11
Suppose 1 = -v + u, 0 = -v - 2*u - 2*u + 4. Suppose -11*z = -v*z - 11. What is the greatest common factor of z and 8?
1
Suppose 0 = 3*g - t - 362, -5*t - 258 = 5*g - 848. Suppose -4*f + 0*f + 60 = 0. Calculate the greatest common factor of f and g.
15
Let w be ((-12)/(-10))/(41/(-146370)*-51). Suppose 0 = 3*k + 28 - 352. Calculate the greatest common divisor of w and k.
12
Suppose 39*i - 68972 = -129*i + 50476. What is the greatest common factor of i and 3792?
237
Let p be 18/(-8) + 63/(-84). Let a be 0 + p - (-2064)/16. Let l(v) = v**2 + v. Let f be l(6). Calculate the greatest common divisor of f and a.
42
Let v(t) = t**2 - 42*t + 85. Let b be v(40). Let s = -7 + 10. Suppose s = b*j - 12. What is the greatest common divisor of j and 1?
1
Suppose -5*d - 2*n + 1203 = 291, 4*d - 702 = 3*n. Calculate the highest common factor of 75 and d.
15
Suppose -4*g + 9188 = 4*v, -3*v + 601*g = 606*g - 6897. What is the greatest common factor of v and 496?
62
Let k(b) = 7*b. Let x = 44 - 43. Let u be k(x). Let q be 20 - u - 0/2. What is the greatest common divisor of q and 104?
13
Suppose 3*d - 3 = -0*i + 4*i, d = i + 2. Let c be d/(20/792) - (0 - 2). What is the highest common factor of 40 and c?
40
Suppose d = -15 - 19. Let r = -32 - d. Suppose q = 1, l + 2*q + r*q = 27. Calculate the greatest common factor of 69 and l.
23
Let d(z) = -120*z**2 - 1408*z + 21. Let l be d(-11). What is the greatest common factor of l and 1376?
43
Let z(a) = a**2 + 31*a + 108. Let t be z(-37). Let y = 248 + t. Calculate the greatest common factor of y and 34.
34
Suppose -k = -5*p + 93 - 27, -3*p + 4*k = -26. Let x = 20 - p. Let r be -6 - (-11)/((-11)/(-48)). What is the highest common factor of r and x?
6
Suppose 5*v - 16*i - 5985 = -21*i, -4*i - 28 = 0. What is the highest common divisor of 308 and v?
28
Suppose 3*h = 3*g - 69, -g + 8*h - 6*h + 28 = 0. Let k(m) = 50*m - 10. Let d be k(2). What is the highest common factor of d and g?
18
Suppose 0 = -13*w + 18*w + 3*t - 6048, -8*t = -2*w + 2410. Calculate the highest common factor of w and 78.
39
Let p(v) = v + 1. Let x(z) = -33*z - 7. Let r(g) = -2*p(g) - x(g). Let t be r(-3). Let j = -72 - t. What is the greatest common divisor of 144 and j?
16
Let f = -367 - -370. Suppose 0 = s - 2*g - 14, -s + 2*g = f*s - 86. What is the highest common divisor of 56 and s?
8
Let l be (-1 - (-3 - -3)) + -1 + 37. Let x be 4*-1*(-3 - -2). Let f be (-12)/48 - (-1 + (-1117)/x). What is the greatest common divisor of l and f?
35
Let k(z) = -z**2 - 3*z - z**3 + 7*z - 7*z**2 + 2*z**2 - 2. Let p be k(-5). Let l = 52 + p. What is the highest common divisor of l and 5?
5
Suppose 16*g - 18*g = 4*k - 9080, -2*k - 3*g = -4532. What is the highest common factor of 160 and k?
32
Suppose 1987 = 10*b + 337. Suppose b = 5*a + 120. Calculate the greatest common divisor of 51 and a.
3
Suppose 1716 = 45*x + 21*x. Let i be ((-50)/(-175))/(1/28). Calculate the greatest common divisor of x and i.
2
Let b be -3*66/(-3) - 3. Let p = b + -27. What is the highest common divisor of p and 63?
9
Suppose -5*i = -5*n + 30, -28 = -4*n + 300*i - 295*i. Calculate the highest common divisor of n and 296.
2
Let m be ((-8)/6 - (-2)/6) + -111. Let t = 172 + m. Calculate the highest common factor of t and 540.
60
Suppose -5*f - 570 = 2*v - 982, 2*f - 172 = v. Calculate the greatest common divisor of 714 and f.
42
Suppose -181*u + 668 + 2426 = -155*u. What is the greatest common divisor of 34 and u?
17
Suppose -60 = -3*s + 4*p - p, -4*p - 26 = -s. Let j(v) = 6*v - v - 6*v + 145*v**2. Let y be j(1). Calculate the highest common factor of y and s.
18
Let i be (-1)/(-9) + (-34)/(-18). Suppose 5*l - 138 = -3*w, -3*w + i*l + 188 = 71. Calculate the greatest common factor of w and 205.
41
Let a(g) = g**2. Let d(m) = 2*m**2 + 10*m + 12. Let s = 16 + -15. Let k(y) = s*d(y) - 3*a(y). Let i be k(11). Calculate the greatest common factor of i and 8.
1
Let j = 13359 - 13016. Calculate the greatest common divisor of j and 210.
7
Let c(u) = -31*u + 41*u - 34*u + 24. Let s be c(-5). Calculate the highest common factor of 18 and s.
18
Let z be ((-600)/6)/(-4) + 5. Calculate the highest common factor of 4470 and z.
30
Let l be -2 + (-20)/(-15) - 148/(-6). Let f be (-62)/(-3) + l/18. Calculate the greatest common divisor of 11 and f.
11
Let v(d) = -30*d + 2403. Let y be v(80). What is the highest common factor of y and 183?
3
Let d be 5*(-4)/(-10) + (2 - -48). Let o = d + -47. Suppose 0 = -3*a - 2*a + 100. What is the greatest common divisor of o and a?
5
Let x be 901 + -82 - 28/(-2). What is the greatest common divisor of 68 and x?
17
Let u be 230/40*(-32)/(-8). Suppose -160 = -f - 3*f. Let r = f - u. What is the greatest common factor of 68 and r?
17
Let l = 11 + -8. Suppose r - 76 = -l*r. Let p(h) = 7*h**2 - 445*h - 154. Let w be p(64). What is the highest common divisor of w and r?
19
Let y(f) = -f**3 - 23*f**2 - 2*f + 2. Let t be y(-23). Calculate the greatest common factor of t and 192.
48
Suppose 2*l - 2 = v - 3, 3*v + 3*l - 3 = 0. Suppose -10*j = -11*j + 13. Let n be 338/j - v*3. Calculate the greatest common divisor of 23 and n.
23
Let x be ((-65262)/(-66) - 3) + (-12)/(-66). Calculate the highest common divisor of x and 17.
17
Let z be -1*(2/(-3))/(8/(-12)). Let t be 38*19/10 - z/(-5). Let o be ((-45)/12)/((-2)/t). What is the greatest common factor of 15 and o?
15
Suppose -5*q - 176 = -9*q. Let t be (-4)/2*(3 - (-99)/6). Let w = 105 + t. Calculate the greatest common divisor of w and q.
22
Let l = -7782 - -7886. What is the greatest common factor of 7462 and l?
26
Suppose -3*p - f + 856 = 0, -2*p + 806 - 258 = -5*f. What is the greatest common divisor of p and 4?
4
Suppose 17 - 57 = 5*j. Let z(x) be the first derivative of -x**3/3 - 17*x**2/2 + 6*x - 10. Let r be z(j). What is the highest common divisor of 52 and r?
26
Suppose 210 - 162 = 2*x. What is the highest common factor of x and 84?
12
Let b be (1 - 54) + 3 - -1. Let j = 88 + b. Calculate the highest common factor of 3 and j.
3
Suppose -31*p = 33*p + 22*p - 29240. What is the greatest common divisor of 120 and p?
20
Suppose 5*s - 20 = 0, 0 = -3*c + 55*s - 60*s + 1685. Calculate the greatest common factor of c and 444.
111
Suppose -691 = -61*q - 49 + 212. What is the greatest common factor of q and 2359?
7
Let f be (10/(-4) + (-9 - -13))*(-650)/(-3). Calculate the greatest common factor of 13 and f.
13
Let f(o) = -59*o - 283. Let b be f(-8). Calculate the highest common factor of 777 and b.
21
Suppose 2*m = 3*m. Let h = m - -9. Let a(d) = 5*d**2 - 49*d - 375. Let p be a(-6). Calculate the greatest common factor of p and h.
9
Suppose 176*s = -4*x + 181*s + 1115, -x - 2*s = -256. Suppose 4*n - 598 = 50. What is the highest common divisor of x and n?
54
Let w be -85 - 4*(-1)/(-2). Let c = 102 + w. Let k(z) = z - 8. Let n be k(c). What is the highest common factor of 7 and n?
7
Let w(k) = k**3 + 21*k**2 + 4*k - 23. Let p be w(-20). Let o be (1/(-3))/(